 6. Let v be (1 + -1)/(-1 + 2). Suppose -3*o + v*o + 6 = 0. Calculate the greatest common factor of o and q.
2
Let a(k) = -8*k - 4. Let m be a(-1). Suppose 0*h + 176 = 4*h. Calculate the greatest common factor of h and m.
4
Let p(z) = z**3 - z**2 - 4*z. Let o be p(3). Suppose o*s + 6 = 3*s, -2*f + 16 = -4*s. Calculate the greatest common factor of f and 36.
4
Suppose -5*p - 3*k = -k - 553, -311 = -3*p + 4*k. Let n = -11 + p. What is the highest common factor of n and 14?
14
Suppose s - 51 = -0*o - 2*o, -39 = -o - 5*s. What is the highest common divisor of 24 and o?
24
Suppose 4*k - k - 98 = -5*p, 0 = 4*k - p - 146. Let a(u) = 29*u + 3. Let m be 20/6 + (-1)/3. Let o be a(m). What is the greatest common divisor of o and k?
18
Suppose 0 = 2*l + 4*c - 72, -5*l - 4*c - 22 = -172. What is the highest common divisor of 2 and l?
2
Let f(c) = c**2 + c + 12. Let m be f(-5). What is the greatest common divisor of 8 and m?
8
Let q be 69 - 1/(-2)*2. Calculate the greatest common factor of 10 and q.
10
Let m(r) = r**2 + 4*r + 1. Let d(u) = u - 1. Let y(h) = -3*d(h) + m(h). Let c be y(5). Calculate the highest common factor of 17 and c.
17
Let v(q) = 3*q**2 - 3*q + 2. Let n be v(3). What is the greatest common divisor of n and 5?
5
Suppose -3*m - 2*w + 144 - 47 = 0, 15 = m + 5*w. Calculate the highest common factor of m and 315.
35
Suppose 4*u + 0*f = -3*f + 48, 0 = 4*u + 5*f - 56. Calculate the greatest common factor of 1 and u.
1
Let a = -6 + 6. Let i be 33 + (a + 1 - 4). What is the greatest common divisor of 15 and i?
15
Suppose -5 = -p + j + 3, -7 = -4*p - j. Let v(c) = 3*c + 3*c**2 + 4 - 4. Let f be v(-2). What is the greatest common factor of p and f?
3
Let i be 1/(-4) + (-45)/(-20). Suppose -3*a + 55 = i*a. Suppose 3*t = 5*t - 242. What is the greatest common divisor of a and t?
11
Let c(t) = 3*t + 2. Let d(i) = 3*i + 1. Let k(w) = 3*c(w) - 2*d(w). Let s be k(-8). Let h be 24/s*(-6 - -1). Calculate the highest common divisor of h and 66.
6
Let b(a) = a + 13. Let z be b(-11). What is the greatest common divisor of 3 and z?
1
Suppose -1 = -2*k - 3, -2*o + 111 = k. Suppose 3*b - 2*b - 5 = 0. Suppose 0 = 2*c + 3*q - 19, -2*c + 6 = b*q - 7. What is the greatest common factor of c and o?
14
Suppose -5*n + 2*b = -6 - 162, b - 124 = -4*n. Let u be (1 + (-5)/3)*-3. Suppose -24 = -5*t + u*t. Calculate the greatest common divisor of n and t.
8
Suppose 3*s - 4 - 2 = 0. Suppose -5*l + 70 = s*a, -4*l + 3*l = -a - 7. What is the greatest common divisor of l and 8?
4
Let s(f) = f**2 - 5. Let o be s(-4). Let v = -14 - -7. Let t = 62 + v. What is the greatest common divisor of t and o?
11
Let c = -12 + 42. Calculate the greatest common divisor of c and 75.
15
Suppose -2*w - 3*d + 122 = -72, 4*w - 402 = d. Let o be (5/(-2))/((-1)/10). Calculate the highest common factor of o and w.
25
Suppose -3*r = 4*u + 11, u - 13 = r - 0*u. Let h be 21*((-6)/r)/1. Let x = h - 8. Calculate the highest common divisor of x and 54.
6
Let x(c) = 11*c**3 - 6*c**2 - 7*c - 1. Let n(t) = -t**3 - t**2 - t. Let r(z) = 6*n(z) - x(z). Let s be r(-1). Calculate the greatest common divisor of 34 and s.
17
Let q = 7 + -5. Let t = 8 - q. Let d be ((-8)/t)/((-1)/36). Calculate the highest common factor of 6 and d.
6
Let d(m) be the first derivative of 25*m**2/2 + 9*m - 5. Let z be d(7). Calculate the highest common divisor of 23 and z.
23
Let a be (-4 + 6)*(-2)/(-1). What is the highest common divisor of a and 32?
4
Let o be 870/12 + -3 + (-1)/(-2). Calculate the highest common factor of 10 and o.
10
Let z(a) = -4*a. Let m be z(-2). Let c = -3 + 5. Calculate the highest common factor of m and c.
2
Let y = 26 - 26. Suppose -a + 3*s + 21 = y, 0 = -4*a - 4*s - 2 + 22. What is the highest common factor of a and 99?
9
Let n be (-1 - 0) + -1 + 4. Suppose -b = n*b - 168. Suppose 0*f + 2*f - 28 = 0. Calculate the greatest common divisor of f and b.
14
Let p(d) = -1 + 4 - 2*d - 5*d - 4. Let y be p(-3). Calculate the greatest common divisor of y and 80.
20
Let y(u) = u**3 + 3*u**2 - 9*u - 5. Let x be y(-4). Let s = 14 - 9. Suppose 0*a - s = -a. What is the highest common factor of x and a?
5
Let p(a) = -5*a + 0*a**2 + 3*a**2 + a**2 - 3. Let v be p(5). Suppose 4*r + 2*y - 35 = -y, -r + 9 = y. What is the highest common factor of v and r?
8
Suppose -2*v + 3 = -3*w - 1, 4*w + v + 9 = 0. Let n be (w/2 - -45)/2. Calculate the greatest common factor of n and 33.
11
Let l(m) = -m**3 - 4*m**2 - 5*m - 9. Let z be l(-4). What is the greatest common divisor of z and 121?
11
Let y be ((-48)/9)/(4/(-18)). Let c = y + -10. What is the greatest common divisor of 56 and c?
14
Suppose 2*r - 278 = -2*z, 0*z = z + 4. Let q be (23 - 1)*r/26. Calculate the greatest common factor of q and 11.
11
Let w = -10 - 2. Let j be 4/(-5)*150/w. Let z = 10 + -6. What is the highest common divisor of z and j?
2
Suppose 8*y - 672 = 4*y. Calculate the greatest common factor of 56 and y.
56
Let d = -15 + 150. What is the greatest common factor of d and 15?
15
Suppose -194 - 86 = -5*x. Let i(o) = -o**3 - 7*o**2 + 4*o + 7. Let n be i(-7). Let d be (-3)/(-9)*-2*n. What is the highest common factor of x and d?
14
Let c be 75/2 + 4/(-8). Suppose -5*y = 54 + 66. Let p = y + c. What is the greatest common factor of p and 13?
13
Suppose 2*w = 6*w - 264. What is the highest common divisor of w and 33?
33
Let g(p) = p**3 - p**2 + p + 13. Let h be (0 - 0)/((-4)/2). Let f be g(h). Calculate the greatest common divisor of f and 39.
13
Suppose -2*k + 50 = 3*k. What is the highest common divisor of k and 110?
10
Let n be 3 + 3/(3/(-2)). Let z be n + 2 + 3 + -3. Suppose -6 - 3 = -z*g, 2*u - 13 = -3*g. What is the greatest common factor of u and 16?
2
Let r be -1*(-72)/1*1. Suppose -b + 8*b - 126 = 0. Calculate the highest common divisor of r and b.
18
Suppose -4*m - 3*n + 203 = -79, -2*m + 150 = -3*n. Calculate the greatest common factor of 8 and m.
8
Suppose 0 = 5*a - 0*a - 15. Suppose -a*u + 30 + 111 = 3*z, -4*z + 196 = -4*u. Let o = -6 - -12. What is the highest common divisor of o and z?
6
Suppose -3*i + 21 + 6 = 0. What is the greatest common factor of i and 36?
9
Let c = 76 + -54. Let p = 16 + -26. Let w be 730/22 - p/(-55). What is the greatest common factor of w and c?
11
Let y = -2 + 4. Suppose -t + 240 = y*t. Let f(m) = -m**3 - 13*m**2 - 21*m + 27. Let w be f(-11). What is the highest common factor of t and w?
16
Let b(p) = 2*p**2 - 2*p - 3. Let q be b(4). Let n = -266 - -434. Calculate the highest common factor of n and q.
21
Let a(b) = -b + 14. Let k be a(10). Let x = -5 + 7. Suppose -x*h = 10, 0 = -5*m + h + 44 + 41. Calculate the highest common factor of k and m.
4
Suppose 4*g = -12, 4*g = -2*p - 0*g - 6. Suppose 4*a = 2*c + 2*c - 64, -p*a - 48 = -5*c. Let k = -8 - a. Calculate the highest common factor of k and 12.
4
Let x be 2/3*-3*-3. Suppose 2*g = -5*i + 992, -1 = 5*g - x. What is the greatest common divisor of i and 18?
18
Let u(p) = 2*p**2 - 12*p + 7. Let f be u(5). Let q = 15 + f. What is the highest common factor of 96 and q?
12
Let r(k) be the third derivative of k**5/60 + 5*k**4/24 - 5*k**3/3 + 4*k**2. Let n be r(-7). Calculate the greatest common factor of n and 36.
4
Suppose 7*p - k = 2*p + 360, -4*k = -4*p + 288. What is the highest common factor of p and 48?
24
Let o(h) = -3*h - 6. Let m be (-1)/(-3) + 56/(-6). Let s be o(m). Suppose 2*b - 4*b + 14 = 0. Calculate the highest common factor of s and b.
7
Suppose 0 = 4*n - 6*n - 46. Let j be ((-8)/10)/(-2*2/(-190)). Let h = n - j. What is the highest common factor of 3 and h?
3
Let j = -17 - -33. Let y(u) = -7*u + 66. Let n be y(6). Calculate the highest common factor of n and j.
8
Suppose -3*s + 2*s = -8. What is the highest common factor of 8 and s?
8
Suppose q + 28 = 4*k + 5*q, -5*k = -2*q - 70. Calculate the highest common divisor of 6 and k.
6
Let g = 2 + 5. Calculate the highest common factor of 14 and g.
7
Let k(g) = g**2 - 11*g + 12. Let q be k(10). Suppose q*j - 10 = -3*r - 3*j, -r + 5*j = -10. Let i = 6 - r. What is the highest common factor of i and 1?
1
Suppose 2*d + 3*v = 37, 0 = -d + 4*v - 2*v + 8. Suppose -3*o - 1236 + 3534 = 0. Let c be (-18)/(-99) - o/(-22). Calculate the highest common divisor of c and d.
7
Let x be (-6)/(-15) - (-198)/5. Let q = 9 + -1. Calculate 